= 58 - 37. Calculate the remainder when s is divided by y(4).
10
Let w(n) be the third derivative of n**5/60 - n**4/4 - n**3/3 + 2*n**2. What is the remainder when w(9) is divided by 9?
7
Let d(n) = -n**3 - 2*n**2 - 3*n + 4. Let o = 99 - 63. Suppose 2*x = -x + o. What is the remainder when d(-3) is divided by x?
10
Suppose -3*j + 3*u - 98 = -8*j, 4*j - u = 92. Suppose 5*q + h = 38, -2*q - j = -5*q - h. Calculate the remainder when 30 is divided by q.
6
Let r(t) = t**2 - 13*t + 12. Let i be r(9). Let h = i + 44. What is the remainder when 59 is divided by h?
19
Suppose -4*b = -d - 55, 4*b + d - 45 = 12. Let a = b + 13. Suppose -4*v - 24 = -2*y, 4*v + 38 = 3*y - 0*v. Calculate the remainder when a is divided by y.
13
Let z(d) = -4*d**2 - 40*d - 10. Calculate the remainder when 103 is divided by z(-9).
25
Suppose -4*i = 2*n - 26, 0 = i - 2 + 5. What is the remainder when 94 is divided by n?
18
Suppose h - 3*h + 5*m = 18, -20 = -5*m. What is the remainder when h is divided by 1?
0
Let m(o) = -o + 5. Let b be m(7). Let t = 11 + b. What is the remainder when 25 is divided by t?
7
Suppose 88 = -5*x + 468. What is the remainder when x is divided by 22?
10
Let j = 8 + 29. What is the remainder when j is divided by 10?
7
Let n = 4 + 2. Let x = 13 - n. What is the remainder when x is divided by ((-6)/(-5))/((-9)/(-30))?
3
What is the remainder when (-1)/6 - (-14283)/162 is divided by 15?
13
Suppose 3*d + 20 = 7*d. What is the remainder when 234/9*d/2 is divided by 22?
21
Let s(r) = 6*r - 18. Calculate the remainder when 23 is divided by s(4).
5
Let k = -39 - -41. Let z(t) = 3*t + 1. Calculate the remainder when z(1) is divided by k.
0
Suppose 0 = -i - 4 - 4. Let d(w) = w + 10. Let z be d(i). Let t(s) = 2*s - 1. What is the remainder when 5 is divided by t(z)?
2
Let g = -14 + 21. Let b = 10 - g. Calculate the remainder when 7 is divided by b.
1
Suppose 2*x - 2 = 30. Let r = 3 + -4. Calculate the remainder when x is divided by 1 - (-10 - (-3 - r)).
7
Suppose 4*m = -9*h + 5*h + 424, -4*m = -4*h + 432. What is the remainder when h is divided by 32?
11
Suppose 0 = 4*c - 6*c + 26. What is the remainder when 38 is divided by c?
12
Suppose 2*z - 5 = c, -5*c + 0 = 5. What is the remainder when 2 is divided by z?
0
Suppose 2*c - 5*m - 7 = c, m - 4 = 0. Calculate the remainder when 52 is divided by c.
25
Let i be 1/((-2)/296*-4). Let p = i - 13. Let c = 39 - 26. Calculate the remainder when p is divided by c.
11
Let l be (2/3)/(6/297). Suppose l = 2*k + k. What is the remainder when 43 is divided by k?
10
Suppose 13 = 3*s - 2*s. Let t be (-3)/4*2*-14. Suppose 0*h + 3*h - t = 0. Calculate the remainder when s is divided by h.
6
Suppose -118 + 34 = -4*k. Calculate the remainder when (246/9)/((-1)/(-3)) is divided by k.
19
Suppose -2*j + 19 = 5. Calculate the remainder when j is divided by 4.
3
Let q = -18 + 24. Calculate the remainder when 44 is divided by q.
2
Let a = 76 - 40. Calculate the remainder when 104 is divided by a.
32
Suppose -w = -l + w + 4, 0 = -2*l - w + 33. Calculate the remainder when (-867)/(-21) + (-4)/14 is divided by l.
13
Let g = 84 - 2. What is the remainder when g is divided by 28?
26
Suppose 7 = v + 5*l, -4*v + 16 = 4*l - 12. Suppose -3*k - 11 = -5*n, 2*k + k - 13 = -n. Suppose 3 = k*i - 6. Calculate the remainder when v is divided by i.
1
Suppose 2*g = 7 - 3. Let u be (-6)/(3/2 - 0). Calculate the remainder when 31 is divided by (11/g)/((-2)/u).
9
Let f(l) = -l - 6. Let p be f(-8). Let x(g) = 14*g + 2. Calculate the remainder when x(p) is divided by 16.
14
Suppose 0 = 3*f - 7 - 17. What is the remainder when 23 is divided by f?
7
Let m(d) = d - 2. Let l be m(6). Suppose 2*i + 48 = l*i. Let h = -241 + 311. Calculate the remainder when h is divided by i.
22
Suppose -11 = 3*f + 1. What is the remainder when f/((4 + -3)*-1) is divided by 3?
1
Suppose 3 = j - 25. What is the remainder when j is divided by 15?
13
Let c = -40 - -58. Calculate the remainder when c is divided by 5.
3
Suppose -18 - 12 = -3*b. What is the remainder when 24 is divided by b?
4
Let m be (-123)/18 - 2/12. Let o = -40 - m. Let x = o + 58. What is the remainder when x is divided by 9?
7
Let j(r) = -10*r. What is the remainder when 36 is divided by j(-2)?
16
Suppose 107*t = 101*t + 228. Calculate the remainder when t is divided by 87/9 + 1/3.
8
Let l(v) = -14*v - 4. Let f be l(4). Let j be (-2)/4 - 402/(-4). Let p = f + j. Calculate the remainder when p is divided by 21.
19
Let g be (-4)/(-22) + (-39)/33. Let z = 20 - 14. Let o = z + g. What is the remainder when o is divided by 3?
2
Let z = -8 - -19. Let c be -19 + (-2)/4*-2. Calculate the remainder when (24/10)/(c/(-240)) is divided by z.
10
Let p = -56 + 116. What is the remainder when p is divided by 16?
12
Let j = -35 - -54. Let m(t) = t**3 - 6*t**2 - t + 8. Let q be m(6). Suppose v + 56 = q*v. What is the remainder when v is divided by j?
18
Suppose 4*a = 2*z - 3*z + 18, 5*a = 2*z - 62. What is the remainder when 49 is divided by z?
23
Suppose 0 = 4*f - 5*c + 2*c + 90, 4*c - 16 = f. Calculate the remainder when 37 is divided by f/18*(-2 - 13).
17
Suppose -2*r - 2*r = -28. Let q = r + 16. Calculate the remainder when q is divided by 390/45 + (-4)/6.
7
What is the remainder when 13 is divided by (-5)/((-1)/1) - 1?
1
Let g(l) = -l**2 + 2*l + 6. What is the remainder when 10 is divided by g(3)?
1
Let v = 1 - -12. Calculate the remainder when v is divided by 7.
6
Suppose 0 = -3*x - 0 - 3. Calculate the remainder when 18*(4 + 0 + x) is divided by 14.
12
Let r(h) = h + 11. Let i be r(-11). Calculate the remainder when (1 - -1) + 0/4 is divided by 3 + -1 + 0 + i.
0
Suppose 0*p - 205 = -5*p. Let v(s) = 5*s**2 - 2*s - 2. Suppose -h + 4*g + 18 = 0, 4*g - 2*g + 2 = -3*h. Calculate the remainder when p is divided by v(h).
13
Suppose -17 = -5*a - 2. What is the remainder when 9 is divided by a?
0
Let g(q) = q**2 + 6*q + 5. Calculate the remainder when 61 is divided by g(-8).
19
Suppose -4 = -4*q + 8, 3*q - 27 = -2*k. What is the remainder when (-247)/(-7) - (-4)/(-14) is divided by k?
8
Suppose -3*g + 4*g + 13 = 0. Let j = -1 - g. Calculate the remainder when (-6 - -1 - -2) + 26 is divided by j.
11
Let r be (-1)/((-5 - -3)/6). Let h be (-5)/(1 + -2) - r. What is the remainder when 0 + h + (19 - 0) is divided by 6?
3
Suppose -3*i - 108 = -9*i. Calculate the remainder when 35 is divided by i.
17
Let r(s) = s**2 + 7*s + 2. Let j be r(-8). Let k = 2 - j. Let l = 13 + k. Calculate the remainder when l is divided by 3.
2
Suppose 3*q + 4*k = 18, 5*q - 2*k = -k + 30. Calculate the remainder when q is divided by (-136)/85*5/(-2).
2
Let g = 17 - 9. What is the remainder when 31 is divided by g?
7
Let u(q) = q**3 - 14*q**2 - 2*q + 1. Let o(b) = b**3 - b. Let p(a) = 3*o(a) - u(a). What is the remainder when 8 is divided by p(-7)?
2
Suppose 5*o - 25 = 0, 3*x - 4*o - 78 = -o. Let k be (0 + -2)*-1 - 1. What is the remainder when x is divided by 6/k - (-2)/1?
7
Let b be 16/(-8) - (0 + -38). Suppose -3*p + b = -6. Let y = -5 + 10. Calculate the remainder when p is divided by y.
4
Let z = -18 - -45. What is the remainder when 107 is divided by z?
26
What is the remainder when 1236/16 + 1/(-4) is divided by 20?
17
Suppose -4*f - 20 = -56. What is the remainder when f is divided by 6?
3
Let c = -9 - -28. Calculate the remainder when c is divided by 4.
3
Let o be 53/3 - 4/(-12). Suppose 48 = 3*r + 5*f, 3*r - o = 2*f + 9. Let w = r - -6. What is the remainder when w is divided by 6?
5
Let r = 4 - 4. Suppose 3*m - 102 + 18 = r. What is the remainder when m is divided by 4*(-2)/(12/(-15))?
8
Suppose -8*h + 0*h = -104. What is the remainder when 22 is divided by h?
9
Let g(m) = -m**3 - 14*m**2 - 15*m - 11. Suppose q - 3*p + 28 = 0, -p - 22 - 12 = 3*q. Calculate the remainder when 42 is divided by g(q).
12
Let p = 204 + -150. Calculate the remainder when p is divided by 14.
12
Suppose -c + 0*m = -3*m - 5, m + 75 = 4*c. Suppose -t = -2*g + 105 - 24, -5*g + 189 = 2*t. Calculate the remainder when g is divided by c.
19
Suppose -13 = f - 2*s - 0*s, -18 = 3*f + s. Let u = 15 + f. What is the remainder when 13 is divided by u?
5
Suppose 2*u - 30 = -3*u. Let t = 10 - u. Let z(k) = -k + 12. What is the remainder when z(5) is divided by t?
3
Let z(x) = x**3 + 5*x